
Calculate the greatest common divisor of 77405000 and 1875.
625
Calculate the greatest common factor of 56 and 8104372.
4
Calculate the highest common factor of 232 and 2200384.
8
What is the greatest common divisor of 6019852 and 2943?
109
What is the greatest common divisor of 742848 and 111406?
106
Calculate the highest common divisor of 3083 and 59874943.
3083
Calculate the greatest common factor of 1323502063 and 13.
13
What is the highest common divisor of 36606395 and 231805?
6265
What is the highest common divisor of 1490 and 2617555265?
745
What is the highest common divisor of 73850 and 5166546?
2954
What is the greatest common factor of 15538 and 53516?
34
What is the greatest common factor of 21519 and 3646275?
2391
Calculate the highest common factor of 186 and 2200969.
31
What is the highest common divisor of 18073 and 420552?
11
What is the greatest common factor of 138415 and 1703045?
235
What is the greatest common divisor of 155 and 5302705?
155
Calculate the highest common factor of 30537 and 6333977.
377
What is the greatest common divisor of 1966723 and 143?
11
Calculate the greatest common factor of 133 and 174904025.
19
What is the greatest common factor of 353172931 and 19?
19
What is the greatest common factor of 17568890 and 21510?
2390
What is the highest common factor of 89353 and 25025?
11
Calculate the highest common factor of 17122 and 5278.
14
What is the greatest common divisor of 106651044 and 1016?
508
Calculate the greatest common factor of 480 and 10941600.
480
What is the highest common factor of 20619 and 534672?
711
Calculate the highest common divisor of 44 and 64365851.
11
What is the greatest common factor of 36402696 and 121176?
7128
What is the greatest common divisor of 9 and 1475074494?
9
Calculate the greatest common divisor of 1488 and 176054084.
124
What is the greatest common factor of 4767 and 761761833?
4767
What is the highest common factor of 2376 and 20205?
9
What is the highest common divisor of 5741877 and 25?
1
Calculate the highest common factor of 1168402 and 3.
1
What is the highest common divisor of 78 and 1233468938?
26
Calculate the greatest common factor of 293258718 and 142992.
17874
Calculate the greatest common divisor of 163976484 and 49476.
2604
What is the greatest common divisor of 564 and 298371228?
564
Calculate the highest common divisor of 50 and 364548650.
50
Calculate the highest common factor of 1225 and 4121775.
175
Calculate the highest common factor of 2846490 and 2151.
717
What is the highest common divisor of 12 and 21784911?
3
What is the greatest common divisor of 7048281 and 1380?
69
Calculate the greatest common divisor of 5964272 and 4128.
688
Calculate the greatest common factor of 96 and 2162670.
6
Calculate the greatest common factor of 141813857 and 29.
29
What is the greatest common divisor of 735674 and 445?
89
What is the highest common factor of 19766219 and 11462?
5731
Calculate the highest common divisor of 11920 and 250640.
80
Calculate the greatest common divisor of 355252642 and 514.
514
Calculate the greatest common factor of 1257318844 and 4476.
1492
Calculate the greatest common factor of 392181321 and 11746.
5873
Calculate the greatest common factor of 1325 and 254487185.
265
What is the greatest common divisor of 701530 and 34310?
730
What is the greatest common factor of 126 and 3929760?
18
Calculate the greatest common divisor of 313599 and 99957.
429
What is the highest common divisor of 80960 and 826045?
1265
Calculate the greatest common factor of 795 and 191415.
15
Calculate the greatest common divisor of 4780 and 780640.
20
Calculate the highest common factor of 89 and 15609977.
89
Calculate the greatest common divisor of 54 and 72561546.
18
Calculate the greatest common factor of 433931 and 27.
1
Calculate the highest common factor of 12077 and 3813545.
929
What is the greatest common divisor of 23638 and 243962?
446
Calculate the highest common divisor of 590531 and 59.
59
Calculate the highest common divisor of 8838 and 86907.
1473
What is the highest common factor of 445030 and 731620?
2330
Calculate the greatest common factor of 16875 and 55269.
27
What is the greatest common factor of 30494 and 13592797?
193
Calculate the greatest common factor of 20 and 978668.
4
Calculate the highest common divisor of 10253680 and 67.
67
What is the highest common divisor of 7 and 725357801?
7
What is the greatest common factor of 15512 and 416136?
56
What is the greatest common divisor of 4208 and 2515952?
16
Calculate the greatest common divisor of 59110 and 2045720.
2570
What is the highest common divisor of 14044956 and 9036?
3012
Calculate the highest common divisor of 884 and 39393380.
52
Calculate the highest common factor of 38987753 and 330379.
3031
What is the greatest common factor of 101044160 and 2528?
2528
What is the highest common divisor of 543917 and 22590?
251
Calculate the highest common divisor of 23527 and 56.
7
Calculate the highest common factor of 601094 and 4758.
1586
Calculate the highest common divisor of 9702 and 1178001.
99
What is the highest common factor of 4484 and 11495076?
76
Calculate the highest common factor of 1848741 and 112602.
1149
What is the highest common factor of 1515 and 24615?
15
Calculate the highest common factor of 1486760 and 140.
20
Calculate the highest common factor of 9493092 and 303804.
3132
Calculate the greatest common divisor of 1507 and 557183.
11
What is the greatest common divisor of 24 and 74241948?
12
Calculate the greatest common factor of 65635063 and 95.
19
What is the greatest common divisor of 754 and 6059376?
58
What is the greatest common factor of 34464 and 7281597?
1077
What is the highest common factor of 512 and 5313576?
8
Calculate the highest common factor of 1332 and 242136.
36
Calculate the highest common factor of 198 and 132638.
22
What is the greatest common factor of 88 and 26846656?
8
What is the greatest common divisor of 905850 and 40?
10
Calculate the highest common factor of 46232350 and 170.
170
Calculate the greatest common divisor of 234 and 156990258.
18
Calculate the highest common factor of 5481177 and 117.
39
Calculate the highest common divisor of 18336776 and 92586.
2374
Calculate the highest common divisor of 3034 and 1351278.
82
What is the highest common divisor of 152880 and 43134?
546
Calculate the greatest common factor of 801 and 2083579.
89
What is the greatest common factor of 51399205 and 195?
65
Calculate the highest common factor of 23844 and 678707538.
11922
What is the greatest common divisor of 22 and 15338653?
11
Calculate the greatest common factor of 17408068 and 2950.
118
What is the highest common factor of 27 and 596057751?
27
What is the highest common divisor of 369475 and 14650?
25
Calculate the greatest common divisor of 158 and 644537695.
79
Calculate the greatest common divisor of 8169 and 77390383.
2723
Calculate the greatest common divisor of 3355 and 2195479.
11
Calculate the greatest common divisor of 21943824 and 2576.
112
What is the highest common factor of 135132981 and 138?
69
Calculate the greatest common factor of 17368 and 34626696.
104
What is the highest common factor of 471155598 and 414?
414
Calculate the greatest common divisor of 206 and 20282863.
103
Calculate the highest common factor of 30864416 and 704.
352
Calculate the greatest common divisor of 652761 and 1261053.
549
Calculate the greatest common divisor of 13040766 and 36.
18
What is the highest common divisor of 29174 and 322190?
58
What is the greatest common divisor of 342 and 12916504?
38
What is the greatest common factor of 9092523 and 2?
1
Calculate the highest common factor of 1118 and 2653040.
26
Calculate the highest common divisor of 73645204 and 4.
4
What is the highest common divisor of 4853 and 132086?
211
Calculate the greatest common divisor of 95781 and 137.
1
Calculate the highest common divisor of 8 and 609754616.
8
Calculate the highest common factor of 17592862 and 5243.
49
Calculate the greatest common divisor of 920331 and 72.
9
Calculate the highest common divisor of 176798 and 36104098.
1622
Calculate the greatest common factor of 7134 and 847554.
174
What is the greatest common divisor of 567502102 and 58?
